{"id":1304,"date":"2021-04-05T13:24:21","date_gmt":"2021-04-05T13:24:21","guid":{"rendered":"https:\/\/hostedbyexpresso.com\/clients\/agri2023\/?page_id=1304"},"modified":"2022-07-05T15:21:17","modified_gmt":"2022-07-05T21:21:17","slug":"nosotros","status":"publish","type":"page","link":"https:\/\/hostedbyexpresso.com\/clients\/agri2023\/nosotros\/","title":{"rendered":"Nosotros"},"content":{"rendered":"\t\t<div data-elementor-type=\"wp-page\" data-elementor-id=\"1304\" class=\"elementor elementor-1304\" data-elementor-settings=\"[]\">\n\t\t\t\t\t\t\t<div class=\"elementor-section-wrap\">\n\t\t\t\t\t\t\t<section data-particle_enable=\"false\" data-particle-mobile-disabled=\"false\" class=\"elementor-section elementor-top-section elementor-element elementor-element-0ba2a14 elementor-section-boxed elementor-section-height-default elementor-section-height-default\" data-id=\"0ba2a14\" data-element_type=\"section\" data-settings=\"{&quot;background_background&quot;:&quot;classic&quot;}\">\n\t\t\t\t\t\t<div class=\"elementor-container elementor-column-gap-default\">\n\t\t\t\t\t<div class=\"elementor-column elementor-col-16 elementor-top-column elementor-element elementor-element-908023e\" data-id=\"908023e\" data-element_type=\"column\">\n\t\t\t<div class=\"elementor-widget-wrap\">\n\t\t\t\t\t\t\t\t\t<\/div>\n\t\t<\/div>\n\t\t\t\t<div class=\"elementor-column elementor-col-66 elementor-top-column elementor-element elementor-element-566b859\" data-id=\"566b859\" data-element_type=\"column\" data-settings=\"{&quot;background_background&quot;:&quot;classic&quot;}\">\n\t\t\t<div class=\"elementor-widget-wrap elementor-element-populated\">\n\t\t\t\t\t\t\t\t<div class=\"elementor-element elementor-element-d108223 elementor-widget elementor-widget-heading bdevs-el heading\" data-id=\"d108223\" data-element_type=\"widget\" data-settings=\"{&quot;design_style&quot;:&quot;style_1&quot;}\" data-widget_type=\"heading.default\">\n\t\t\t\t<div class=\"elementor-widget-container\">\n\t\t\t        \r\n                    <div class=\"section__title section__title-3 wow fadeInUp\" data-wow-delay=\".2s\">\r\n                                <h2 class=\"section-title\">SOBRE NOSOTROS<\/h2>                            <\/div>\r\n            \r\n        \t\t<\/div>\n\t\t\t\t<\/div>\n\t\t\t\t\t<\/div>\n\t\t<\/div>\n\t\t\t\t<div class=\"elementor-column elementor-col-16 elementor-top-column elementor-element elementor-element-1bd1bdb\" data-id=\"1bd1bdb\" data-element_type=\"column\">\n\t\t\t<div class=\"elementor-widget-wrap\">\n\t\t\t\t\t\t\t\t\t<\/div>\n\t\t<\/div>\n\t\t\t\t\t\t\t<\/div>\n\t\t<\/section>\n\t\t\t\t<section data-particle_enable=\"false\" data-particle-mobile-disabled=\"false\" class=\"elementor-section elementor-top-section elementor-element elementor-element-3dd9d43 elementor-section-full_width elementor-section-stretched elementor-section-height-default elementor-section-height-default\" data-id=\"3dd9d43\" data-element_type=\"section\" data-settings=\"{&quot;stretch_section&quot;:&quot;section-stretched&quot;}\">\n\t\t\t\t\t\t<div class=\"elementor-container elementor-column-gap-default\">\n\t\t\t\t\t<div class=\"elementor-column elementor-col-50 elementor-top-column elementor-element elementor-element-217bc12\" data-id=\"217bc12\" data-element_type=\"column\">\n\t\t\t<div class=\"elementor-widget-wrap elementor-element-populated\">\n\t\t\t\t\t\t\t\t<div class=\"elementor-element elementor-element-b301fbe elementor-widget elementor-widget-heading bdevs-el heading\" data-id=\"b301fbe\" data-element_type=\"widget\" data-settings=\"{&quot;design_style&quot;:&quot;style_1&quot;}\" data-widget_type=\"heading.default\">\n\t\t\t\t<div class=\"elementor-widget-container\">\n\t\t\t        \r\n                    <div class=\"section__title section__title-3 wow fadeInUp\" data-wow-delay=\".2s\">\r\n                                <h2 class=\"section-title\">SOBRE NOSOTROS<\/h2>                            <\/div>\r\n            \r\n        \t\t<\/div>\n\t\t\t\t<\/div>\n\t\t\t\t<div class=\"elementor-element elementor-element-dcc8b2c elementor-widget elementor-widget-text-editor\" data-id=\"dcc8b2c\" data-element_type=\"widget\" data-widget_type=\"text-editor.default\">\n\t\t\t\t<div class=\"elementor-widget-container\">\n\t\t\t\t\t<div class=\"elementor-text-editor elementor-clearfix\"><p class=\"sangria\">Agricorp es un empresa que ha cimentado su prestigio en Nicaragua, mediante el desarrollo de novedosos procesos de industrializaci\u00f3n y distribuci\u00f3n de alimentos b\u00e1sicos. Estos procesos han estado acompa\u00f1ados de activos y sostenidos programas de alianzas y cooperaci\u00f3n con los productores, lo cual ha permitido, un excelente desarrollo agrot\u00e9cnico con resultados medibles en la productividad por manzana, en utilizaci\u00f3n de semillas mejoradas y en la aplicaci\u00f3n permanente de modernas t\u00e9cnicas productivas. El arroz, producto pionero para Agricorp con sus especiales relaciones con el sector arrocero, representa un modelo a seguir, ya que ha construido liderazgo mediante asistencia t\u00e9cnica actualizada, buenos y sostenidos precios de compra y financiamiento oportuno, estimulando siempre el mejoramiento de las condiciones de vida de los productores.<\/p><\/div>\n\t\t\t\t<\/div>\n\t\t\t\t<\/div>\n\t\t\t\t\t<\/div>\n\t\t<\/div>\n\t\t\t\t<div class=\"elementor-column elementor-col-50 elementor-top-column elementor-element elementor-element-62a7b2f\" data-id=\"62a7b2f\" data-element_type=\"column\">\n\t\t\t<div class=\"elementor-widget-wrap elementor-element-populated\">\n\t\t\t\t\t\t\t\t<div class=\"elementor-element elementor-element-44f08c4 elementor-widget elementor-widget-image\" data-id=\"44f08c4\" data-element_type=\"widget\" data-widget_type=\"image.default\">\n\t\t\t\t<div class=\"elementor-widget-container\">\n\t\t\t\t\t<div class=\"elementor-image\">\n\t\t\t\t\t\t\t\t\t\t<img width=\"1185\" height=\"881\" src=\"https:\/\/hostedbyexpresso.com\/clients\/agri2023\/wp-content\/uploads\/2022\/07\/AgricopNosV02.jpg\" class=\"attachment-full size-full\" alt=\"\" decoding=\"async\" loading=\"lazy\" srcset=\"https:\/\/hostedbyexpresso.com\/clients\/agri2023\/wp-content\/uploads\/2022\/07\/AgricopNosV02.jpg 1185w, https:\/\/hostedbyexpresso.com\/clients\/agri2023\/wp-content\/uploads\/2022\/07\/AgricopNosV02-300x223.jpg 300w, https:\/\/hostedbyexpresso.com\/clients\/agri2023\/wp-content\/uploads\/2022\/07\/AgricopNosV02-1024x761.jpg 1024w, https:\/\/hostedbyexpresso.com\/clients\/agri2023\/wp-content\/uploads\/2022\/07\/AgricopNosV02-768x571.jpg 768w\" sizes=\"(max-width: 1185px) 100vw, 1185px\" \/>\t\t\t\t\t\t\t\t\t\t\t<\/div>\n\t\t\t\t<\/div>\n\t\t\t\t<\/div>\n\t\t\t\t\t<\/div>\n\t\t<\/div>\n\t\t\t\t\t\t\t<\/div>\n\t\t<\/section>\n\t\t\t\t<section data-particle_enable=\"false\" data-particle-mobile-disabled=\"false\" class=\"elementor-section elementor-top-section elementor-element elementor-element-b1c0575 elementor-section-boxed elementor-section-height-default elementor-section-height-default\" data-id=\"b1c0575\" data-element_type=\"section\">\n\t\t\t\t\t\t<div class=\"elementor-container elementor-column-gap-default\">\n\t\t\t\t\t<div class=\"elementor-column elementor-col-100 elementor-top-column elementor-element elementor-element-41f6ab2\" data-id=\"41f6ab2\" data-element_type=\"column\">\n\t\t\t<div class=\"elementor-widget-wrap elementor-element-populated\">\n\t\t\t\t\t\t\t\t<div class=\"elementor-element elementor-element-3ee8888 elementor-widget elementor-widget-heading bdevs-el heading\" data-id=\"3ee8888\" data-element_type=\"widget\" data-settings=\"{&quot;design_style&quot;:&quot;style_1&quot;}\" data-widget_type=\"heading.default\">\n\t\t\t\t<div class=\"elementor-widget-container\">\n\t\t\t        \r\n                    <div class=\"section__title section__title-3 wow fadeInUp\" data-wow-delay=\".2s\">\r\n                                <h2 class=\"section-title\">DISTRIBUCI\u00d3N DE ALIMENTOS Y PRODUCTOS<\/h2>                            <\/div>\r\n            \r\n        \t\t<\/div>\n\t\t\t\t<\/div>\n\t\t\t\t\t<\/div>\n\t\t<\/div>\n\t\t\t\t\t\t\t<\/div>\n\t\t<\/section>\n\t\t\t\t<section data-particle_enable=\"false\" data-particle-mobile-disabled=\"false\" class=\"elementor-section elementor-top-section elementor-element elementor-element-4c84db1 elementor-section-full_width elementor-section-stretched elementor-section-height-default elementor-section-height-default\" data-id=\"4c84db1\" data-element_type=\"section\" data-settings=\"{&quot;stretch_section&quot;:&quot;section-stretched&quot;}\">\n\t\t\t\t\t\t<div class=\"elementor-container elementor-column-gap-default\">\n\t\t\t\t\t<div class=\"elementor-column elementor-col-50 elementor-top-column elementor-element elementor-element-daf12ca\" data-id=\"daf12ca\" data-element_type=\"column\">\n\t\t\t<div class=\"elementor-widget-wrap elementor-element-populated\">\n\t\t\t\t\t\t\t\t<div class=\"elementor-element elementor-element-bdfb077 elementor-widget elementor-widget-image\" data-id=\"bdfb077\" data-element_type=\"widget\" data-widget_type=\"image.default\">\n\t\t\t\t<div class=\"elementor-widget-container\">\n\t\t\t\t\t<div class=\"elementor-image\">\n\t\t\t\t\t\t\t\t\t\t<img decoding=\"async\" src=\"https:\/\/hostedbyexpresso.com\/clients\/agri2023\/wp-content\/uploads\/elementor\/thumbs\/Quienes-SomosB2-p59t6qe27mdjdkod90kawy9vo0vrg8kvlba5xjo0lc.jpg\" title=\"Quienes SomosB2\" alt=\"Quienes SomosB2\" \/>\t\t\t\t\t\t\t\t\t\t\t<\/div>\n\t\t\t\t<\/div>\n\t\t\t\t<\/div>\n\t\t\t\t\t<\/div>\n\t\t<\/div>\n\t\t\t\t<div class=\"elementor-column elementor-col-50 elementor-top-column elementor-element elementor-element-90f699b\" data-id=\"90f699b\" data-element_type=\"column\">\n\t\t\t<div class=\"elementor-widget-wrap elementor-element-populated\">\n\t\t\t\t\t\t\t\t<div class=\"elementor-element elementor-element-bfa83b4 elementor-widget elementor-widget-text-editor\" data-id=\"bfa83b4\" data-element_type=\"widget\" data-widget_type=\"text-editor.default\">\n\t\t\t\t<div class=\"elementor-widget-container\">\n\t\t\t\t\t<div class=\"elementor-text-editor elementor-clearfix\"><p class=\"sangria\">Motivados por asegurar siempre calidad, nos hemos ganado un sitio de preferencia en la canasta familiar de los nicarag\u00fcenses, pues adem\u00e1s, desde 2008, comerzializamos alimentos y productos saludables por todo el pa\u00eds, llegando con una moderna red de distribuci\u00f3n a casi veinte mil puntos en toda la Rep\u00fablica.<\/p>\n<p class=\"sangria\">Esta actividad de Agricorp inici\u00f3 el 208 con la distribuci\u00f3n de los alimentos que procesamos y otros productos de alta calidad para la gran familia nicarag\u00fcenses; visitamos por semana miles de tiendas de comestibles; pulper\u00edas, distribuidores, tiendas de conveniencias, en todo el territorio nacinal y atendemos a los clientes mayoristas y las cadenas de supermercados.<\/p>\n<p class=\"sangria\">Somos una empresa l\u00edder (lo que nos enorgullece) por que sentimos que impulsamos la mejor\u00eda en la calidad d vida y el bienestar en los hogares de los nicarag\u00fcenses. Puede escribirnos al \u00e1rea de contacto, para conocer m\u00e1s de nosotros, puede escribirnos para invitarnos a mejorar. Confiamos en un futuro mejor para Nicaragua. Podemos ser Grandes Amigos.<\/p><\/div>\n\t\t\t\t<\/div>\n\t\t\t\t<\/div>\n\t\t\t\t\t<\/div>\n\t\t<\/div>\n\t\t\t\t\t\t\t<\/div>\n\t\t<\/section>\n\t\t\t\t\t\t<\/div>\n\t\t\t\t\t<\/div>\n\t\t","protected":false},"excerpt":{"rendered":"<p>SOBRE NOSOTROS SOBRE NOSOTROS Agricorp es un empresa que ha cimentado su prestigio en Nicaragua, mediante el desarrollo de novedosos procesos de industrializaci\u00f3n y distribuci\u00f3n de alimentos b\u00e1sicos. Estos procesos han estado acompa\u00f1ados de activos y sostenidos programas de alianzas y cooperaci\u00f3n con los productores, lo cual ha permitido, un excelente desarrollo agrot\u00e9cnico con resultados [&hellip;]<\/p>\n","protected":false},"author":1,"featured_media":0,"parent":0,"menu_order":0,"comment_status":"closed","ping_status":"closed","template":"elementor_header_footer","meta":[],"acf":[],"_links":{"self":[{"href":"https:\/\/hostedbyexpresso.com\/clients\/agri2023\/wp-json\/wp\/v2\/pages\/1304"}],"collection":[{"href":"https:\/\/hostedbyexpresso.com\/clients\/agri2023\/wp-json\/wp\/v2\/pages"}],"about":[{"href":"https:\/\/hostedbyexpresso.com\/clients\/agri2023\/wp-json\/wp\/v2\/types\/page"}],"author":[{"embeddable":true,"href":"https:\/\/hostedbyexpresso.com\/clients\/agri2023\/wp-json\/wp\/v2\/users\/1"}],"replies":[{"embeddable":true,"href":"https:\/\/hostedbyexpresso.com\/clients\/agri2023\/wp-json\/wp\/v2\/comments?post=1304"}],"version-history":[{"count":90,"href":"https:\/\/hostedbyexpresso.com\/clients\/agri2023\/wp-json\/wp\/v2\/pages\/1304\/revisions"}],"predecessor-version":[{"id":6450,"href":"https:\/\/hostedbyexpresso.com\/clients\/agri2023\/wp-json\/wp\/v2\/pages\/1304\/revisions\/6450"}],"wp:attachment":[{"href":"https:\/\/hostedbyexpresso.com\/clients\/agri2023\/wp-json\/wp\/v2\/media?parent=1304"}],"curies":[{"name":"wp","href":"https:\/\/api.w.org\/{rel}","templated":true}]}}